15672779
What are the prime factors of 50771971?
19, 23, 223, 521
What are the prime factors of 90030833?
193, 2417
What are the prime factors of 314977456?
2, 23, 47, 18211
What are the prime factors of 98021667?
3, 131, 249419
List the prime factors of 1499184212.
2, 191, 1962283
List the prime factors of 93617078.
2, 46808539
List the prime factors of 422059372.
2, 7, 15073549
List the prime factors of 3439566549.
3, 47, 8131363
What are the prime factors of 94863006?
2, 3, 7, 752881
List the prime factors of 427794374.
2, 7, 30556741
List the prime factors of 64439004.
2, 3, 7, 767131
List the prime factors of 692307072.
2, 3, 600961
What are the prime factors of 191653926?
2, 3, 41, 779081
What are the prime factors of 2521626049?
2521626049
List the prime factors of 223826621.
14891, 15031
List the prime factors of 7717219453.
31, 137, 1817099
What are the prime factors of 37788490?
2, 5, 313, 12073
List the prime factors of 4646729795.
5, 151, 40759
List the prime factors of 768791047.
421, 1826107
What are the prime factors of 43352243?
11, 19, 109, 173
List the prime factors of 3107024.
2, 23, 8443
List the prime factors of 95726636.
2, 19, 31, 41, 991
What are the prime factors of 1372799099?
7, 367, 534371
List the prime factors of 1593890745.
3, 5, 1123, 94621
List the prime factors of 1078361562.
2, 3, 179726927
What are the prime factors of 174940175?
5, 6997607
What are the prime factors of 2963893005?
3, 5, 21954763
What are the prime factors of 105318062?
2, 52659031
What are the prime factors of 103523408?
2, 6470213
What are the prime factors of 897073516?
2, 101, 2220479
What are the prime factors of 583873663?
151, 3866713
List the prime factors of 213657921.
3, 17, 31, 107, 421
What are the prime factors of 24655559?
17, 19, 76333
What are the prime factors of 1651481253?
3, 47, 1453, 2687
List the prime factors of 562152118.
2, 11, 59, 163, 2657
List the prime factors of 79096190.
2, 5, 31, 255149
What are the prime factors of 748921442?
2, 19, 19708459
What are the prime factors of 6968045962?
2, 67, 52000343
What are the prime factors of 4822068993?
3, 7, 37, 67, 92627
List the prime factors of 1249428125.
5, 11, 19, 1913
List the prime factors of 65922339.
3, 7, 1609, 1951
What are the prime factors of 151940289?
3, 50646763
List the prime factors of 2040178068.
2, 3, 47, 1205779
List the prime factors of 2985006711.
3, 995002237
List the prime factors of 1558133.
19, 82007
List the prime factors of 1094854924.
2, 23, 11900597
List the prime factors of 263024032.
2, 47, 179, 977
List the prime factors of 367583101.
19, 383, 50513
What are the prime factors of 3166976?
2, 89, 139
What are the prime factors of 680215591?
11, 113, 547237
What are the prime factors of 349123353?
3, 167, 696853
What are the prime factors of 10958104?
2, 1369763
What are the prime factors of 65712554?
2, 32856277
What are the prime factors of 31736500?
2, 5, 63473
What are the prime factors of 2449497790?
2, 5, 244949779
List the prime factors of 16407973.
16407973
What are the prime factors of 741570064?
2, 53, 659, 1327
List the prime factors of 98084182.
2, 7, 1000859
List the prime factors of 5926884576.
2, 3, 61738381
What are the prime factors of 236883665?
5, 457, 103669
List the prime factors of 371477405.
5, 13, 5715037
List the prime factors of 71900349.
3, 79, 303377
What are the prime factors of 118552925?
5, 23, 206179
What are the prime factors of 1436819168?
2, 44900599
List the prime factors of 66955218.
2, 3, 11, 53, 19141
What are the prime factors of 1855930277?
1855930277
What are the prime factors of 25701919?
25701919
List the prime factors of 394112918.
2, 197056459
What are the prime factors of 336302580?
2, 3, 5, 5605043
List the prime factors of 14961982.
2, 7, 1068713
What are the prime factors of 27445016?
2, 919, 3733
What are the prime factors of 455520354?
2, 3, 75920059
What are the prime factors of 20895821?
1607, 13003
What are the prime factors of 880714111?
107, 8230973
What are the prime factors of 724519703?
724519703
What are the prime factors of 6541523939?
29, 225569791
List the prime factors of 513291940.
2, 5, 7, 3666371
What are the prime factors of 7157234394?
2, 3, 29, 13711177
List the prime factors of 111291503.
17, 23, 284633
List the prime factors of 670431093.
3, 19, 11761949
What are the prime factors of 95823387?
3, 11, 31, 31223
List the prime factors of 3293046336.
2, 3, 17, 3491
What are the prime factors of 1345389109?
181, 683, 10883
List the prime factors of 3207263189.
13, 1361, 181273
List the prime factors of 3861552488.
2, 482694061
List the prime factors of 108588490.
2, 5, 10858849
List the prime factors of 787461274.
2, 393730637
What are the prime factors of 340023959?
11, 463, 66763
List the prime factors of 1600080917.
191, 569, 14723
List the prime factors of 1091158961.
19, 3022601
What are the prime factors of 16975521?
3, 617, 1019
What are the prime factors of 250326971?
571, 438401
What are the prime factors of 22980785?
5, 19, 241903
What are the prime factors of 7506590199?
3, 2502196733
List the prime factors of 1297942628.
2, 61, 73, 72869
What are the prime factors of 66119193?
3, 7, 349837
List the prime factors of 1990044417.
3, 349, 1900711
What are the prime factors of 414747214?
2, 7, 157, 188693
List the prime factors of 778695340.
2, 5, 37, 71, 14821
List the prime factors of 59956749.
3, 43, 154927
What are the prime factors of 31621804?
2, 79, 100069
What are the prime factors of 52311472?
2, 467, 7001
List the prime factors of 451452623.
2791, 161753
List the prime factors of 12985856.
2, 13, 1951
List the prime factors of 23206340.
2, 5, 1160317
List the prime factors of 1072722831.
3, 17, 21033781
What are the prime factors of 105522215?
5, 43, 173, 2837
What are the prime factors of 647722750?
2, 5, 2590891
List the prime factors of 42792750.
2, 3, 5, 7, 11, 13, 19
List the prime factors of 509469806.
2, 3307, 77029
List the prime factors of 3201242065.
5, 7, 619, 147761
List the prime factors of 5558134334.
2, 19, 43, 179029
What are the prime factors of 21024699?
3, 17, 412249
List the prime factors of 53285110.
2, 5, 5328511
List the prime factors of 11457233.
29, 461, 857
List the prime factors of 137045436.
2, 3, 11, 59, 17597
List the prime factors of 2108256542.
2, 7, 173, 870461
What are the prime factors of 510050032?
2, 37, 861571
List the prime factors of 76045873.
76045873
List the prime factors of 84408577.
11, 79, 137, 709
What are the prime factors of 331249543?
331249543
What are the prime factors of 1019212843?
11, 53, 271, 6451
List the prime factors of 42617869.
7, 2131, 2857
What are the prime factors of 1766620733?
1766620733
What are the prime factors of 18843579?
3, 281, 7451
List the prime factors of 34731340.
2, 5, 7, 17, 14593
List the prime factors of 43218146.
2, 37, 163, 3583
List the prime factors of 17350586.
2, 11, 43, 18341
What are the prime factors of 228679819?
29, 7885511
List the prime factors of 105064068.
2, 3, 8755339
List the prime factors of 804036174.
2, 3, 1693, 79153
List the prime factors of 133706473.
67, 79, 25261
List the prime factors of 2712257492.
2, 7, 1877, 51607
What are the prime factors of 199272512?
2, 3113633
What are the prime factors of 262218597?
3, 59, 151, 9811
List the prime factors of 322869587.
53, 6091879
What are the prime factors of 895157352?
2, 3, 4144247
List the prime factors of 95195029.
367, 259387
What are the prime factors of 230913058?
2, 349, 330821
List the prime factors of 42438440.
2, 5, 11, 96451
What are the prime factors of 412957875?
3, 5, 11, 19, 479
List the prime factors of 54269332.
2, 13, 487, 2143
What are the prime factors of 1174985913?
3, 41, 9552731
What are the prime factors of 233852391?
3, 17, 1528447
What are the prime factors of 99381851?
181, 549071
What are the prime factors of 101604133?
23, 271, 16301
What are the prime factors of 968566101?
3, 322855367
List the prime factors of 29745156.
2, 3, 7, 50587
What are the prime factors of 28401694?
2, 19, 109, 6857
What are the prime factors of 41725838?
2, 7, 11, 29, 9343
List the prime factors of 965977800.
2, 3, 5, 43, 37441
List the prime factors of 4534759649.
7, 23, 28166209
List the prim